s -23992 - 1?
-23993
In base 7, what is -5 + 1333416?
1333411
In base 15, what is -32 - 6ea?
-72c
In base 11, what is 0 + 185a?
185a
In base 7, what is 102602 + -2?
102600
In base 3, what is 2111121 + 101?
2111222
In base 9, what is -62 - -1162?
1100
In base 9, what is 21 - 2756?
-2735
In base 8, what is -10 + 212002?
211772
In base 15, what is -177 + 30d?
186
In base 5, what is -2402 - 12032?
-14434
In base 7, what is 1036054 - 14?
1036040
In base 4, what is 10222 - -1322?
12210
In base 10, what is -49 - -2099?
2050
In base 2, what is 11010001100011 - -110?
11010001101001
In base 12, what is -30 - 2b8?
-328
In base 10, what is -992 + 106?
-886
In base 9, what is 6235 - -12?
6247
In base 13, what is 1 + 15a49?
15a4a
In base 10, what is -1 - -76785?
76784
In base 5, what is -4214 + 314?
-3400
In base 15, what is 27 - 1ac9?
-1aa2
In base 5, what is -120 + 1303242?
1303122
In base 8, what is -123371 - -74?
-123275
In base 9, what is -2 - -14780?
14777
In base 10, what is 1581 - -34?
1615
In base 12, what is -1 - -23742a?
237429
In base 13, what is 4 - -8a42?
8a46
In base 2, what is 10000001 - -11011?
10011100
In base 3, what is -201 + 20121112?
20120211
In base 14, what is -1 + 1824?
1823
In base 16, what is -a8e8 + -5?
-a8ed
In base 2, what is 100111000111111 + 1001110?
100111010001101
In base 6, what is -111521 - 3?
-111524
In base 6, what is 222341 - -513?
223254
In base 8, what is 214162 + 10?
214172
In base 11, what is -790109 + -1?
-79010a
In base 5, what is 421 - 131?
240
In base 11, what is -554 + -40?
-594
In base 13, what is -1310 + -106?
-1416
In base 14, what is -20 + -138b?
-13ab
In base 11, what is 616 + 9?
624
In base 14, what is 16 + bd6?
c0c
In base 11, what is -85 + -4679?
-4753
In base 11, what is -1357a + 22?
-13558
In base 14, what is -99a2 + 15?
-998b
In base 5, what is -110311210 + -4?
-110311214
In base 16, what is -2f0 - -138?
-1b8
In base 16, what is 8eb - -180?
a6b
In base 3, what is 100102 + 20120211?
20221020
In base 14, what is 1 - b2a?
-b29
In base 10, what is -1089790 - 4?
-1089794
In base 14, what is 7125a + 4?
71260
In base 9, what is 70347 - 216?
70131
In base 11, what is 3741 + 2?
3743
In base 13, what is -106045 + 5?
-106040
In base 9, what is -7 - 53265?
-53273
In base 3, what is 2 + -1110001102?
-1110001100
In base 14, what is 4 + 1132dd?
113303
In base 8, what is -1 + 1170173?
1170172
In base 4, what is 20101 - 113?
13322
In base 15, what is -5 + b42e?
b429
In base 9, what is 2511 + 280?
2801
In base 12, what is 4 + 19b0?
19b4
In base 14, what is -11 - -2113a?
21129
In base 2, what is 100 - -100010101100110?
100010101101010
In base 10, what is 25 - -758?
783
In base 4, what is 323 - -23333113?
30000102
In base 8, what is 14133 + -4?
14127
In base 14, what is 2b4 + 60?
334
In base 8, what is 231600 + 3?
231603
In base 3, what is 2100111 + 1011?
2101122
In base 9, what is -70706 + 5?
-70701
In base 2, what is 11101110100011001 - 101?
11101110100010100
In base 7, what is 2036 + -4423?
-2354
In base 16, what is a6e + -60?
a0e
In base 15, what is 3d36 + a?
3d41
In base 6, what is 105350 - 2?
105344
In base 8, what is 347 + 57?
426
In base 15, what is e + e777?
e786
In base 2, what is 0 - 11110011010011010?
-11110011010011010
In base 12, what is -292a - a02?
-3730
In base 11, what is 512 - 0?
512
In base 6, what is -1122 - 50254?
-51420
In base 13, what is -21a - 175?
-392
In base 11, what is -1 + 3801?
3800
In base 13, what is -38b - 47?
-405
In base 16, what is 47 + -24e?
-207
In base 12, what is 403 + 6?
409
In base 4, what is 311303 + -103?
311200
In base 8, what is -4506 - 27?
-4535
In base 11, what is -5 - -a7360?
a7356
In base 5, what is -10 - 110200314?
-110200324
In base 8, what is 534 + -1037?
-303
In base 9, what is 3 - -5181?
5184
In base 9, what is 62 - 2138?
-2066
In base 4, what is -2230 + 222?
-2002
In base 14, what is c4c + 514?
1362
In base 13, what is 340 + 45?
385
In base 7, what is 620 + 40?
660
In base 13, what is 15 + -b245?
-b230
In base 10, what is 15604 + 4?
15608
In base 5, what is -4124332 + 10?
-4124322
In base 15, what is d05a6 - 1?
d05a5
In base 12, what is -43b59 + -3?
-43b60
In base 6, what is -23223 + -154?
-23421
In base 9, what is 80 + -68232?
-68142
In base 9, what is -26 - 30261?
-30287
In base 13, what is -1 - 27b5b5?
-27b5b6
In base 11, what is -1279 - 1061?
-232a
In base 6, what is -134 - 10021?
-10155
In base 4, what is 1030120 + -23222?
1000232
In base 4, what is -3 + 213103?
213100
In base 7, what is 26352 + 15?
26400
In base 12, what is -12b95 + a?
-12b87
In base 5, what is -413 - 24142?
-30110
In base 8, what is -7671 + 55?
-7614
In base 8, what is 6463 - -1371?
10054
In base 15, what is 88 - 1e74?
-1ddb
In base 7, what is -1 - 1463600?
-1463601
In base 2, what is -111000001 - -1000?
-110111001
In base 4, what is 11 + -12010110?
-12010033
In base 14, what is -b6 - 238?
-310
In base 12, what is 40766 + 5?
4076b
In base 2, what is -10100001011100110 - -1?
-10100001011100101
In base 10, what is 23 - 1958?
-1935
In base 15, what is 80b - -4a?
856
In base 10, what is -3 - 22897?
-22900
In base 11, what is 0 + -111a71?
-111a71
In base 2, what is 110 - 100010011101001011?
-100010011101000101
In base 8, what is -1204 - 706?
-2112
In base 12, what is 34 - -1425?
1459
In base 7, what is -124464 - 0?
-124464
In base 14, what is 7 + 1372?
1379
In base 5, what is 3 + 402443?
403001
In base 9, what is -3215 - 32?
-3247
In base 12, what is 5 + -1135?
-1130
In base 14, what is 48884a + -1?
488849
In base 8, what is 5 + -2503057?
-2503052
In base 14, what is -10209a - -4?
-102096
In base 3, what is 10020 + 1020101202?
1020111222
In base 2, what is -1110101 + -1110001?
-11100110
In base 15, what is -6ed0b - -4?
-6ed07
In base 16, what is 7d12 - 26?
7cec
In base 12, what is 20610 - -42?
20652
In base 12, what is 5 + -13087?
-13082
In base 14, what is 32 - -b?
3d
In base 6, what is 110 + 143?
253
In base 16, what is -72e2 + -1?
-72e3
In base 15, what is 394a + a?
3955
In base 4, what is 222 - 13031?
-12203
In base 5, what is -2010 + -133?
-2143
In base 8, what is -4 + 170035?
170031
In base 16, what is -15f2 - aa?
-169c
In base 2, what is 101111100111001101 - 100?
101111100111001001
In base 4, what is -1030302333 - 2?
-1030303001
In base 8, what is -37176 - -1?
-37175
In base 4, what is 232 + 20311210?
20312102
In base 5, what is 42 + 104332?
104424
In base 11, what is -1476 + 1913?
448
In base 5, what is -443 - 2112?
-3110
In base 8, what is 257 + 727?
1206
In base 3, what is -11102 - 122220?
-211022
In base 2, what is 101111110010010110 - 0?
101111110010010110
In base 9, what is 355 - -101?
456
In base 10, what is -540631 - 3?
-540634
In base 9, what is 26 - 1?
25
In base 5, what is 1003 + -424?
24
In base 2, what is 110111 + 1100101110?
1101100101
In base 11, what is 1 + 481a5?
481a6
In base 8, what is -4577 - -10?
-4567
In base 12, what is 2b0418 + -1?
2b0417
In base 3, what is 0 - 10100201110?
-10100201110
In base 15, what is d2c + 6?
d33
In base 9, what is 0 - 462870?
-462870
In base 13, what is 0 - -3462?
3462
In base 3, what is -12 - 12110?
-12122
In base 4, what is 10112 + -13?
10033
In base 13, what is -2cb + -1a9?
-4a7
In base 2, what is -1101011011001000 + -1110101?
-1101011100111101
In base 10, what is -148 + -85?
-233
In base 5, what is 1 - -2230221?
2230222
In base 4, what is 11003 - 3320?
1023
In base 6, what is -10444 - 5120?
-20004
In base 16, what is -11 - 599?
-5aa
In base 2, what is 100000 - -10011011000?
10011111000
In base 8, what is -3 + 50732?
50727
In base 7, what is -461205 + 110?
-461065
In base 4, what is 100 + 3200?
3300
In base 5, what is -213 - 21033?
-21301
In base 12, what is 56b + -20b?
360
In base 3, what is -1201 - -100202212?
100201011
In base 6, what is -2202 - 12432?
-15034
In base 10, what is -688 + 5?
-683
In base 13, what is -66 + -2b8?
-351
In base 10, what is 65453 + 26?
65479
In base 6, what is 2120421 + -1?
2120420
In base 9, what is 36 + 12?
48
In base 11, what is 29a - 158?
142
In base 16, what is 3934 + -9?
392b
In base 10, what is -3272 - 2?
-3274
In base 4, what is -221 + -10100323?
-10101210
In base 4, what is 23122 - -1103?
30231
In base 13, what is -2 + -82649?
-8264b
In base 6, what is -2 + -300003?
-300005
In base 15, what is 